{"id":99,"date":"2024-05-11T10:15:58","date_gmt":"2024-05-11T10:15:58","guid":{"rendered":"https:\/\/viciadosconsolera.com\/wpvics\/?page_id=99"},"modified":"2025-05-17T15:47:29","modified_gmt":"2025-05-17T15:47:29","slug":"inicio","status":"publish","type":"page","link":"https:\/\/viciadosconsolera.com\/wpvics\/","title":{"rendered":"Inicio"},"content":{"rendered":"<p>[et_pb_section fb_built=&#8221;1&#8243; next_background_color=&#8221;#0D1F44&#8243; admin_label=&#8221;Header&#8221; _builder_version=&#8221;4.27.4&#8243; background_enable_color=&#8221;off&#8221; background_enable_image=&#8221;off&#8221; parallax=&#8221;on&#8221; background_video_mp4=&#8221;https:\/\/viciadosconsolera.com\/wpvics\/wp-content\/uploads\/2024\/05\/Viciados-con-solera-portada.webm&#8221; width=&#8221;100%&#8221; max_width=&#8221;100%&#8221; min_height=&#8221;717px&#8221; custom_margin=&#8221;||-109px|||&#8221; custom_padding=&#8221;0vw||0vw||false|false&#8221; bottom_divider_style=&#8221;ramp2&#8243; bottom_divider_height=&#8221;24vw&#8221; bottom_divider_flip=&#8221;horizontal&#8221; global_colors_info=&#8221;{}&#8221;][et_pb_row _builder_version=&#8221;4.27.4&#8243; custom_padding=&#8221;9px||0px||false|false&#8221; global_colors_info=&#8221;{}&#8221;][et_pb_column type=&#8221;4_4&#8243; _builder_version=&#8221;4.16&#8243; custom_padding=&#8221;|||&#8221; global_colors_info=&#8221;{}&#8221; custom_padding__hover=&#8221;|||&#8221;][et_pb_image src=&#8221;https:\/\/viciadosconsolera.com\/wpvics\/wp-content\/uploads\/2024\/10\/Copia-de-Sin-titulo-800-x-150-px1.png&#8221; title_text=&#8221;Copia de Sin t\u00edtulo (800 x 150 px)(1)&#8221; url=&#8221;https:\/\/www.youtube.com\/@viciadosconsolera&#8221; url_new_window=&#8221;on&#8221; align=&#8221;center&#8221; align_tablet=&#8221;center&#8221; align_phone=&#8221;&#8221; align_last_edited=&#8221;on|desktop&#8221; _builder_version=&#8221;4.27.4&#8243; animation_style=&#8221;slide&#8221; animation_duration=&#8221;1300ms&#8221; animation_delay=&#8221;500ms&#8221; animation_starting_opacity=&#8221;100%&#8221; global_colors_info=&#8221;{}&#8221;][\/et_pb_image][\/et_pb_column][\/et_pb_row][et_pb_row _builder_version=&#8221;4.27.4&#8243; _module_preset=&#8221;default&#8221; global_colors_info=&#8221;{}&#8221;][et_pb_column type=&#8221;4_4&#8243; _builder_version=&#8221;4.27.4&#8243; _module_preset=&#8221;default&#8221; global_colors_info=&#8221;{}&#8221;][et_pb_text _builder_version=&#8221;4.27.4&#8243; _module_preset=&#8221;default&#8221; text_font=&#8221;Acme|700|||||||&#8221; text_text_color=&#8221;#FFFFFF&#8221; text_font_size=&#8221;31px&#8221; text_line_height=&#8221;1.2em&#8221; text_orientation=&#8221;center&#8221; text_text_shadow_style=&#8221;preset2&#8243; global_colors_info=&#8221;{}&#8221;]<\/p>\n<p>Un refugio digital para gamers de la vieja escuela. Revive la pasi\u00f3n por los videojuegos cl\u00e1sicos en nuestra comunidad para mayores de 45 a\u00f1os. \u00a1\u00danete y comparte tus mejores recuerdos y experiencias!<\/p>\n<p>[\/et_pb_text][\/et_pb_column][\/et_pb_row][et_pb_row column_structure=&#8221;1_5,1_5,1_5,1_5,1_5&#8243; _builder_version=&#8221;4.27.4&#8243; _module_preset=&#8221;default&#8221; min_height=&#8221;181.4px&#8221; custom_margin=&#8221;39px|auto||auto||&#8221; custom_margin_tablet=&#8221;-15%||||false|false&#8221; custom_margin_phone=&#8221;-69%||||false|false&#8221; custom_margin_last_edited=&#8221;on|phone&#8221; custom_padding=&#8221;26px|||||&#8221; global_colors_info=&#8221;{}&#8221;][et_pb_column type=&#8221;1_5&#8243; _builder_version=&#8221;4.25.1&#8243; _module_preset=&#8221;default&#8221; global_colors_info=&#8221;{}&#8221;][et_pb_image src=&#8221;https:\/\/viciadosconsolera.com\/wpvics\/wp-content\/uploads\/2024\/05\/tik-tok_64.png&#8221; url=&#8221;https:\/\/www.tiktok.com\/@viciadosconsolera&#8221; align=&#8221;center&#8221; _builder_version=&#8221;4.25.1&#8243; global_colors_info=&#8221;{}&#8221;][\/et_pb_image][et_pb_button button_url=&#8221;https:\/\/www.tiktok.com\/@viciadosconsolera&#8221; button_text=&#8221;Tik Tok&#8221; button_alignment=&#8221;center&#8221; _builder_version=&#8221;4.25.1&#8243; custom_button=&#8221;on&#8221; button_text_size=&#8221;14px&#8221; button_text_color=&#8221;#ffffff&#8221; button_bg_color=&#8221;rgba(9,23,68,0)&#8221; button_border_width=&#8221;0px&#8221; button_border_radius=&#8221;0px&#8221; button_letter_spacing=&#8221;1px&#8221; button_font=&#8221;Rubik|500||on|||||&#8221; button_letter_spacing_last_edited=&#8221;off|desktop&#8221; box_shadow_style=&#8221;preset4&#8243; box_shadow_horizontal=&#8221;0px&#8221; box_shadow_vertical=&#8221;2px&#8221; box_shadow_color=&#8221;rgba(0,174,239,0.67)&#8221; global_colors_info=&#8221;{}&#8221; button_letter_spacing__hover=&#8221;2px&#8221; button_letter_spacing__hover_enabled=&#8221;on&#8221; box_shadow_style__hover=&#8221;none&#8221; box_shadow_style__hover_enabled=&#8221;none&#8221; box_shadow_color__hover=&#8221;rgba(0,0,0,0.3)&#8221; box_shadow_color__hover_enabled=&#8221;rgba(0,0,0,0.3)&#8221;][\/et_pb_button][\/et_pb_column][et_pb_column type=&#8221;1_5&#8243; _builder_version=&#8221;4.25.1&#8243; _module_preset=&#8221;default&#8221; global_colors_info=&#8221;{}&#8221;][et_pb_image src=&#8221;https:\/\/viciadosconsolera.com\/wpvics\/wp-content\/uploads\/2024\/05\/twitch_64.png&#8221; url=&#8221;https:\/\/www.twitch.tv\/viciadosconsolera&#8221; align=&#8221;center&#8221; _builder_version=&#8221;4.25.1&#8243; global_colors_info=&#8221;{}&#8221;][\/et_pb_image][et_pb_button button_url=&#8221;https:\/\/www.twitch.tv\/viciadosconsolera&#8221; button_text=&#8221;Twitch&#8221; button_alignment=&#8221;center&#8221; _builder_version=&#8221;4.25.1&#8243; custom_button=&#8221;on&#8221; button_text_size=&#8221;14px&#8221; button_text_color=&#8221;#ffffff&#8221; button_bg_color=&#8221;rgba(9,23,68,0)&#8221; button_border_width=&#8221;0px&#8221; button_border_radius=&#8221;0px&#8221; button_letter_spacing=&#8221;1px&#8221; button_font=&#8221;Rubik|500||on|||||&#8221; button_letter_spacing_last_edited=&#8221;off|desktop&#8221; box_shadow_style=&#8221;preset4&#8243; box_shadow_horizontal=&#8221;0px&#8221; box_shadow_vertical=&#8221;2px&#8221; box_shadow_color=&#8221;rgba(0,174,239,0.67)&#8221; locked=&#8221;off&#8221; global_colors_info=&#8221;{}&#8221; button_letter_spacing__hover=&#8221;2px&#8221; button_letter_spacing__hover_enabled=&#8221;on&#8221; box_shadow_style__hover=&#8221;none&#8221; box_shadow_style__hover_enabled=&#8221;none&#8221; box_shadow_color__hover=&#8221;rgba(0,0,0,0.3)&#8221; box_shadow_color__hover_enabled=&#8221;rgba(0,0,0,0.3)&#8221;][\/et_pb_button][\/et_pb_column][et_pb_column type=&#8221;1_5&#8243; _builder_version=&#8221;4.25.1&#8243; _module_preset=&#8221;default&#8221; global_colors_info=&#8221;{}&#8221;][et_pb_image src=&#8221;https:\/\/viciadosconsolera.com\/wpvics\/wp-content\/uploads\/2024\/05\/Discord.png&#8221; title_text=&#8221;Discord&#8221; url=&#8221;https:\/\/discord.gg\/u4tQzuZUtS&#8221; align=&#8221;center&#8221; _builder_version=&#8221;4.25.1&#8243; global_colors_info=&#8221;{}&#8221;][\/et_pb_image][et_pb_button button_url=&#8221;https:\/\/discord.gg\/rYmjHyrf&#8221; button_text=&#8221;Discord&#8221; button_alignment=&#8221;center&#8221; _builder_version=&#8221;4.27.4&#8243; custom_button=&#8221;on&#8221; button_text_size=&#8221;14px&#8221; button_text_color=&#8221;#ffffff&#8221; button_bg_color=&#8221;rgba(9,23,68,0)&#8221; button_border_width=&#8221;0px&#8221; button_border_radius=&#8221;0px&#8221; button_letter_spacing=&#8221;1px&#8221; button_font=&#8221;Rubik|500||on|||||&#8221; hover_enabled=&#8221;0&#8243; button_letter_spacing_last_edited=&#8221;off|desktop&#8221; box_shadow_style=&#8221;preset4&#8243; box_shadow_horizontal=&#8221;0px&#8221; box_shadow_vertical=&#8221;2px&#8221; box_shadow_color=&#8221;rgba(0,174,239,0.67)&#8221; locked=&#8221;off&#8221; global_colors_info=&#8221;{}&#8221; button_letter_spacing__hover=&#8221;2px&#8221; button_letter_spacing__hover_enabled=&#8221;on&#8221; box_shadow_style__hover=&#8221;none&#8221; box_shadow_style__hover_enabled=&#8221;none&#8221; box_shadow_color__hover=&#8221;rgba(0,0,0,0.3)&#8221; box_shadow_color__hover_enabled=&#8221;rgba(0,0,0,0.3)&#8221; sticky_enabled=&#8221;0&#8243;][\/et_pb_button][\/et_pb_column][et_pb_column type=&#8221;1_5&#8243; _builder_version=&#8221;4.25.1&#8243; _module_preset=&#8221;default&#8221; global_colors_info=&#8221;{}&#8221;][et_pb_image src=&#8221;https:\/\/viciadosconsolera.com\/wpvics\/wp-content\/uploads\/2024\/05\/youtube_64.png&#8221; url=&#8221;https:\/\/www.youtube.com\/@viciadosconsolera&#8221; align=&#8221;center&#8221; _builder_version=&#8221;4.25.1&#8243; global_colors_info=&#8221;{}&#8221;][\/et_pb_image][et_pb_button button_url=&#8221;https:\/\/www.youtube.com\/@viciadosconsolera&#8221; button_text=&#8221;You Tube&#8221; button_alignment=&#8221;center&#8221; _builder_version=&#8221;4.25.1&#8243; custom_button=&#8221;on&#8221; button_text_size=&#8221;14px&#8221; button_text_color=&#8221;#ffffff&#8221; button_bg_color=&#8221;rgba(9,23,68,0)&#8221; button_border_width=&#8221;0px&#8221; button_border_radius=&#8221;0px&#8221; button_letter_spacing=&#8221;1px&#8221; button_font=&#8221;Rubik|500||on|||||&#8221; button_letter_spacing_last_edited=&#8221;off|desktop&#8221; box_shadow_style=&#8221;preset4&#8243; box_shadow_horizontal=&#8221;0px&#8221; box_shadow_vertical=&#8221;2px&#8221; box_shadow_color=&#8221;rgba(0,174,239,0.67)&#8221; locked=&#8221;off&#8221; global_colors_info=&#8221;{}&#8221; button_letter_spacing__hover=&#8221;2px&#8221; button_letter_spacing__hover_enabled=&#8221;on&#8221; box_shadow_style__hover=&#8221;none&#8221; box_shadow_style__hover_enabled=&#8221;none&#8221; box_shadow_color__hover=&#8221;rgba(0,0,0,0.3)&#8221; box_shadow_color__hover_enabled=&#8221;rgba(0,0,0,0.3)&#8221;][\/et_pb_button][\/et_pb_column][et_pb_column type=&#8221;1_5&#8243; _builder_version=&#8221;4.25.1&#8243; _module_preset=&#8221;default&#8221; global_colors_info=&#8221;{}&#8221;][et_pb_image src=&#8221;https:\/\/viciadosconsolera.com\/wpvics\/wp-content\/uploads\/2024\/05\/Instagram.png&#8221; title_text=&#8221;Instagram&#8221; url=&#8221;https:\/\/www.instagram.com\/viciadoconsolera\/&#8221; align=&#8221;center&#8221; _builder_version=&#8221;4.25.1&#8243; global_colors_info=&#8221;{}&#8221;][\/et_pb_image][et_pb_button button_url=&#8221;https:\/\/www.instagram.com\/viciadoconsolera\/&#8221; button_text=&#8221;Instagram&#8221; button_alignment=&#8221;center&#8221; _builder_version=&#8221;4.25.1&#8243; custom_button=&#8221;on&#8221; button_text_size=&#8221;14px&#8221; button_text_color=&#8221;#ffffff&#8221; button_bg_color=&#8221;rgba(9,23,68,0)&#8221; button_border_width=&#8221;0px&#8221; button_border_radius=&#8221;0px&#8221; button_letter_spacing=&#8221;1px&#8221; button_font=&#8221;Rubik|500||on|||||&#8221; button_letter_spacing_last_edited=&#8221;off|desktop&#8221; box_shadow_style=&#8221;preset4&#8243; box_shadow_horizontal=&#8221;0px&#8221; box_shadow_vertical=&#8221;2px&#8221; box_shadow_color=&#8221;rgba(0,174,239,0.67)&#8221; locked=&#8221;off&#8221; global_colors_info=&#8221;{}&#8221; button_letter_spacing__hover=&#8221;2px&#8221; button_letter_spacing__hover_enabled=&#8221;on&#8221; box_shadow_style__hover=&#8221;none&#8221; box_shadow_style__hover_enabled=&#8221;none&#8221; box_shadow_color__hover=&#8221;rgba(0,0,0,0.3)&#8221; box_shadow_color__hover_enabled=&#8221;rgba(0,0,0,0.3)&#8221;][\/et_pb_button][\/et_pb_column][\/et_pb_row][\/et_pb_section][et_pb_section fb_built=&#8221;1&#8243; admin_label=&#8221;Overview&#8221; _builder_version=&#8221;4.16&#8243; background_color=&#8221;#0D1F44&#8243; background_image=&#8221;https:\/\/viciadosconsolera.com\/wpvics\/wp-content\/uploads\/2024\/05\/gaming-02.png&#8221; background_position=&#8221;top_center&#8221; min_height=&#8221;115.7px&#8221; custom_margin=&#8221;159px|||||&#8221; custom_padding=&#8221;||0px|||&#8221; global_colors_info=&#8221;{}&#8221; box_shadow_style__hover=&#8221;none&#8221; box_shadow_style__hover_enabled=&#8221;none&#8221; box_shadow_color__hover=&#8221;rgba(0,0,0,0.3)&#8221; box_shadow_color__hover_enabled=&#8221;rgba(0,0,0,0.3)&#8221;][\/et_pb_section]<\/p>\n","protected":false},"excerpt":{"rendered":"<p>Un refugio digital para gamers de la vieja escuela. Revive la pasi\u00f3n por los videojuegos cl\u00e1sicos en nuestra comunidad para mayores de 45 a\u00f1os. \u00a1\u00danete y comparte tus mejores recuerdos y experiencias!<\/p>\n","protected":false},"author":2,"featured_media":0,"parent":0,"menu_order":0,"comment_status":"closed","ping_status":"closed","template":"","meta":{"_et_pb_use_builder":"on","_et_pb_old_content":"","_et_gb_content_width":"","footnotes":""},"class_list":["post-99","page","type-page","status-publish","hentry"],"yoast_head":"<!-- This site is optimized with the Yoast SEO plugin v25.2 - https:\/\/yoast.com\/wordpress\/plugins\/seo\/ -->\n<title>Inicio - Viciados Con Solera<\/title>\n<meta name=\"robots\" content=\"noindex, follow, max-snippet:-1, max-image-preview:large, max-video-preview:-1\" \/>\n<meta property=\"og:locale\" content=\"es_ES\" \/>\n<meta property=\"og:type\" content=\"article\" \/>\n<meta property=\"og:title\" content=\"Inicio - Viciados Con Solera\" \/>\n<meta property=\"og:description\" content=\"Un refugio digital para gamers de la vieja escuela. Revive la pasi\u00f3n por los videojuegos cl\u00e1sicos en nuestra comunidad para mayores de 45 a\u00f1os. \u00a1\u00danete y comparte tus mejores recuerdos y experiencias!\" \/>\n<meta property=\"og:url\" content=\"https:\/\/viciadosconsolera.com\/wpvics\/\" \/>\n<meta property=\"og:site_name\" content=\"Viciados Con Solera\" \/>\n<meta property=\"article:modified_time\" content=\"2025-05-17T15:47:29+00:00\" \/>\n<meta name=\"twitter:card\" content=\"summary_large_image\" \/>\n<meta name=\"twitter:label1\" content=\"Tiempo de lectura\" \/>\n\t<meta name=\"twitter:data1\" content=\"6 minutos\" \/>\n<script type=\"application\/ld+json\" class=\"yoast-schema-graph\">{\"@context\":\"https:\/\/schema.org\",\"@graph\":[{\"@type\":\"WebPage\",\"@id\":\"https:\/\/viciadosconsolera.com\/wpvics\/\",\"url\":\"https:\/\/viciadosconsolera.com\/wpvics\/\",\"name\":\"Inicio - Viciados Con Solera\",\"isPartOf\":{\"@id\":\"https:\/\/viciadosconsolera.com\/wpvics\/#website\"},\"datePublished\":\"2024-05-11T10:15:58+00:00\",\"dateModified\":\"2025-05-17T15:47:29+00:00\",\"breadcrumb\":{\"@id\":\"https:\/\/viciadosconsolera.com\/wpvics\/#breadcrumb\"},\"inLanguage\":\"es\",\"potentialAction\":[{\"@type\":\"ReadAction\",\"target\":[\"https:\/\/viciadosconsolera.com\/wpvics\/\"]}]},{\"@type\":\"BreadcrumbList\",\"@id\":\"https:\/\/viciadosconsolera.com\/wpvics\/#breadcrumb\",\"itemListElement\":[{\"@type\":\"ListItem\",\"position\":1,\"name\":\"Portada\",\"item\":\"https:\/\/viciadosconsolera.com\/wpvics\/\"},{\"@type\":\"ListItem\",\"position\":2,\"name\":\"Inicio\"}]},{\"@type\":\"WebSite\",\"@id\":\"https:\/\/viciadosconsolera.com\/wpvics\/#website\",\"url\":\"https:\/\/viciadosconsolera.com\/wpvics\/\",\"name\":\"Viciados Con Solera\",\"description\":\"Comunidad de Jugones de m\u00e1s de 40\",\"potentialAction\":[{\"@type\":\"SearchAction\",\"target\":{\"@type\":\"EntryPoint\",\"urlTemplate\":\"https:\/\/viciadosconsolera.com\/wpvics\/?s={search_term_string}\"},\"query-input\":{\"@type\":\"PropertyValueSpecification\",\"valueRequired\":true,\"valueName\":\"search_term_string\"}}],\"inLanguage\":\"es\"}]}<\/script>\n<!-- \/ Yoast SEO plugin. -->","yoast_head_json":{"title":"Inicio - Viciados Con Solera","robots":{"index":"noindex","follow":"follow","max-snippet":"max-snippet:-1","max-image-preview":"max-image-preview:large","max-video-preview":"max-video-preview:-1"},"og_locale":"es_ES","og_type":"article","og_title":"Inicio - Viciados Con Solera","og_description":"Un refugio digital para gamers de la vieja escuela. Revive la pasi\u00f3n por los videojuegos cl\u00e1sicos en nuestra comunidad para mayores de 45 a\u00f1os. \u00a1\u00danete y comparte tus mejores recuerdos y experiencias!","og_url":"https:\/\/viciadosconsolera.com\/wpvics\/","og_site_name":"Viciados Con Solera","article_modified_time":"2025-05-17T15:47:29+00:00","twitter_card":"summary_large_image","twitter_misc":{"Tiempo de lectura":"6 minutos"},"schema":{"@context":"https:\/\/schema.org","@graph":[{"@type":"WebPage","@id":"https:\/\/viciadosconsolera.com\/wpvics\/","url":"https:\/\/viciadosconsolera.com\/wpvics\/","name":"Inicio - Viciados Con Solera","isPartOf":{"@id":"https:\/\/viciadosconsolera.com\/wpvics\/#website"},"datePublished":"2024-05-11T10:15:58+00:00","dateModified":"2025-05-17T15:47:29+00:00","breadcrumb":{"@id":"https:\/\/viciadosconsolera.com\/wpvics\/#breadcrumb"},"inLanguage":"es","potentialAction":[{"@type":"ReadAction","target":["https:\/\/viciadosconsolera.com\/wpvics\/"]}]},{"@type":"BreadcrumbList","@id":"https:\/\/viciadosconsolera.com\/wpvics\/#breadcrumb","itemListElement":[{"@type":"ListItem","position":1,"name":"Portada","item":"https:\/\/viciadosconsolera.com\/wpvics\/"},{"@type":"ListItem","position":2,"name":"Inicio"}]},{"@type":"WebSite","@id":"https:\/\/viciadosconsolera.com\/wpvics\/#website","url":"https:\/\/viciadosconsolera.com\/wpvics\/","name":"Viciados Con Solera","description":"Comunidad de Jugones de m\u00e1s de 40","potentialAction":[{"@type":"SearchAction","target":{"@type":"EntryPoint","urlTemplate":"https:\/\/viciadosconsolera.com\/wpvics\/?s={search_term_string}"},"query-input":{"@type":"PropertyValueSpecification","valueRequired":true,"valueName":"search_term_string"}}],"inLanguage":"es"}]}},"_links":{"self":[{"href":"https:\/\/viciadosconsolera.com\/wpvics\/wp-json\/wp\/v2\/pages\/99","targetHints":{"allow":["GET"]}}],"collection":[{"href":"https:\/\/viciadosconsolera.com\/wpvics\/wp-json\/wp\/v2\/pages"}],"about":[{"href":"https:\/\/viciadosconsolera.com\/wpvics\/wp-json\/wp\/v2\/types\/page"}],"author":[{"embeddable":true,"href":"https:\/\/viciadosconsolera.com\/wpvics\/wp-json\/wp\/v2\/users\/2"}],"replies":[{"embeddable":true,"href":"https:\/\/viciadosconsolera.com\/wpvics\/wp-json\/wp\/v2\/comments?post=99"}],"version-history":[{"count":60,"href":"https:\/\/viciadosconsolera.com\/wpvics\/wp-json\/wp\/v2\/pages\/99\/revisions"}],"predecessor-version":[{"id":1379,"href":"https:\/\/viciadosconsolera.com\/wpvics\/wp-json\/wp\/v2\/pages\/99\/revisions\/1379"}],"wp:attachment":[{"href":"https:\/\/viciadosconsolera.com\/wpvics\/wp-json\/wp\/v2\/media?parent=99"}],"curies":[{"name":"wp","href":"https:\/\/api.w.org\/{rel}","templated":true}]}}